75785?
7
What is the hundred thousands digit of 612735165?
7
What is the ten thousands digit of 40036068?
3
What is the millions digit of 12961219?
2
What is the thousands digit of 36579842?
9
What is the hundred thousands digit of 2279253661?
2
What is the hundred millions digit of 230972112?
2
What is the hundred thousands digit of 91864168?
8
What is the ten millions digit of 17597677?
1
What is the hundreds digit of 129206348?
3
What is the hundred millions digit of 322358849?
3
What is the hundreds digit of 9298718?
7
What is the units digit of 151158950?
0
What is the thousands digit of 273355738?
5
What is the millions digit of 37372315?
7
What is the ten thousands digit of 620377404?
7
What is the ten thousands digit of 680050268?
5
What is the hundreds digit of 826879804?
8
What is the hundreds digit of 632638159?
1
What is the units digit of 46961235?
5
What is the millions digit of 2501635514?
1
What is the tens digit of 1029757610?
1
What is the hundreds digit of 6087816850?
8
What is the ten thousands digit of 88015551?
1
What is the hundred thousands digit of 46931250?
9
What is the millions digit of 296875701?
6
What is the units digit of 650317926?
6
What is the hundred thousands digit of 2040790440?
7
What is the billions digit of 3180902291?
3
What is the hundred thousands digit of 396916190?
9
What is the hundred millions digit of 146856732?
1
What is the hundred thousands digit of 14404198?
4
What is the tens digit of 52210475?
7
What is the hundred thousands digit of 1762617182?
6
What is the thousands digit of 931769183?
9
What is the thousands digit of 697871666?
1
What is the billions digit of 3859583829?
3
What is the millions digit of 67230760?
7
What is the tens digit of 207247873?
7
What is the ten millions digit of 198587586?
9
What is the hundred millions digit of 163353531?
1
What is the thousands digit of 16799952?
9
What is the billions digit of 4401801708?
4
What is the hundred thousands digit of 1902072326?
0
What is the thousands digit of 63680219?
0
What is the ten millions digit of 78851570?
7
What is the ten thousands digit of 189512365?
1
What is the millions digit of 1073046027?
3
What is the units digit of 818737832?
2
What is the ten thousands digit of 272551826?
5
What is the units digit of 359668771?
1
What is the units digit of 529650004?
4
What is the thousands digit of 57289029?
9
What is the thousands digit of 980740730?
0
What is the hundred millions digit of 195561533?
1
What is the units digit of 60225679?
9
What is the billions digit of 1780270155?
1
What is the millions digit of 133407838?
3
What is the millions digit of 35757708?
5
What is the thousands digit of 7496346?
6
What is the hundreds digit of 105731533?
5
What is the millions digit of 47772029?
7
What is the hundreds digit of 178259470?
4
What is the millions digit of 21920706?
1
What is the tens digit of 36735103?
0
What is the ten thousands digit of 305073977?
7
What is the hundreds digit of 765403451?
4
What is the millions digit of 367144402?
7
What is the ten thousands digit of 781450597?
5
What is the millions digit of 30586869?
0
What is the tens digit of 377363510?
1
What is the units digit of 1399851718?
8
What is the thousands digit of 2242306728?
6
What is the hundred thousands digit of 392697873?
6
What is the ten thousands digit of 2476366696?
6
What is the hundred millions digit of 1731358457?
7
What is the ten millions digit of 145462860?
4
What is the ten thousands digit of 222138410?
3
What is the ten thousands digit of 21561808?
6
What is the millions digit of 981142842?
1
What is the thousands digit of 973241823?
1
What is the hundred millions digit of 158340670?
1
What is the billions digit of 5895472866?
5
What is the thousands digit of 220429783?
9
What is the tens digit of 106070385?
8
What is the millions digit of 366060336?
6
What is the tens digit of 139886002?
0
What is the hundred thousands digit of 2093643276?
6
What is the hundreds digit of 704511109?
1
What is the hundreds digit of 105918227?
2
What is the tens digit of 916463961?
6
What is the thousands digit of 153999291?
9
What is the hundred millions digit of 394696680?
3
What is the hundred thousands digit of 294428871?
4
What is the thousands digit of 652542644?
2
What is the ten thousands digit of 2326277326?
7
What is the hundreds digit of 56008147?
1
What is the ten millions digit of 109916075?
0
What is the units digit of 30635314?
4
What is the hundred millions digit of 121197326?
1
What is the ten millions digit of 60985098?
6
What is the hundred thousands digit of 980198100?
1
What is the ten millions digit of 32388937?
3
What is the millions digit of 41850343?
1
What is the millions digit of 13488399?
3
What is the hundred thousands digit of 2163509?
1
What is the hundreds digit of 1938374948?
9
What is the hundred thousands digit of 6515652418?
6
What is the units digit of 78933573?
3
What is the ten millions digit of 1640260389?
4
What is the millions digit of 770502696?
0
What is the hundred millions digit of 561516850?
5
What is the hundred millions digit of 741452691?
7
What is the hundreds digit of 210774296?
2
What is the units digit of 2142651990?
0
What is the millions digit of 41003625?
1
What is the hundred thousands digit of 62488303?
4
What is the hundred thousands digit of 517299451?
2
What is the ten millions digit of 336535169?
3
What is the ten thousands digit of 410849825?
4
What is the ten thousands digit of 2951834448?
3
What is the hundred millions digit of 1506293698?
5
What is the tens digit of 1147879577?
7
What is the ten thousands digit of 235537630?
3
What is the ten thousands digit of 6529676627?
7
What is the tens digit of 1052699057?
5
What is the thousands digit of 609732979?
2
What is the tens digit of 77531390?
9
What is the units digit of 523042974?
4
What is the millions digit of 754254045?
4
What is the ten millions digit of 2508632458?
0
What is the hundreds digit of 67518349?
3
What is the tens digit of 138818392?
9
What is the billions digit of 3504688216?
3
What is the units digit of 1453120562?
2
What is the thousands digit of 129051414?
1
What is the hundred thousands digit of 854885558?
8
What is the thousands digit of 732026162?
6
What is the units digit of 1519562870?
0
What is the thousands digit of 552805608?
5
What is the hundred millions digit of 232316952?
2
What is the units digit of 124509469?
9
What is the ten millions digit of 627797726?
2
What is the millions digit of 47018932?
7
What is the millions digit of 246684359?
6
What is the thousands digit of 25922200?
2
What is the ten millions digit of 82019837?
8
What is the millions digit of 3172611849?
2
What is the tens digit of 35430238?
3
What is the units digit of 359009847?
7
What is the hundred thousands digit of 1395358055?
3
What is the ten millions digit of 4627409130?
2
What is the hundred millions digit of 3704978171?
7
What is the hundreds digit of 528076298?
2
What is the ten thousands digit of 54465195?
6
What is the hundred millions digit of 222775617?
2
What is the hundreds digit of 1107544064?
0
What is the ten millions digit of 489368835?
8
What is the ten thousands digit of 746792678?
9
What is the tens digit of 365275728?
2
What is the millions digit of 5173918058?
3
What is the tens digit of 33375003?
0
What is the hundreds digit of 6619797548?
5
What is the hundreds digit of 277821854?
8
What is the units digit of 2174271668?
8
What is the hundreds digit of 944411556?
5
What is the millions digit of 140014891?
0
What is the ten thousands digit of 121172285?
7
What is the thousands digit of 27724292?
4
What is the units digit of 35391515?
5
What is the hundreds digit of 71487708?
7
What is the thousands digit of 2568127990?
7
What is the hundreds digit of 119784828?
8
What is the ten thousands digit of 118506441?
0
What is the ten thousands digit of 203997218?
9
What is the tens digit of 302686253?
5
What is the tens digit of 17901879?
7
What is the hundred thousands digit of 195429581?
4
What is the hundreds digit of 5297002583?
5
What is the thousands digit of 259155372?
5
What is the hundreds digit of 3995032657?
6
What is the ten millions digit of 1483024489?
8
What is the hundred millions digit of 29113